{"id":2,"date":"2016-05-10T03:48:21","date_gmt":"2016-05-10T03:48:21","guid":{"rendered":"http:\/\/agrarflug-kyritz.de\/?page_id=2"},"modified":"2025-07-09T11:04:59","modified_gmt":"2025-07-09T11:04:59","slug":"sample-page","status":"publish","type":"page","link":"https:\/\/agrarflug-kyritz.de\/","title":{"rendered":"Startseite"},"content":{"rendered":"<h3 style=\"text-align: center;\"><strong>Herzlich willkommen beim F\u00f6rderverein Agrarflug Kyritz<\/strong><\/h3>\n<p>&nbsp;<\/p>\n<p><img decoding=\"async\" loading=\"lazy\" class=\"alignnone size-full wp-image-68\" src=\"https:\/\/agrarflug-kyritz.de\/wp-content\/uploads\/2018\/03\/cropped-20110522_1680.jpg\" alt=\"\" width=\"1440\" height=\"807\" srcset=\"https:\/\/agrarflug-kyritz.de\/wp-content\/uploads\/2018\/03\/cropped-20110522_1680.jpg 1440w, https:\/\/agrarflug-kyritz.de\/wp-content\/uploads\/2018\/03\/cropped-20110522_1680-300x168.jpg 300w, https:\/\/agrarflug-kyritz.de\/wp-content\/uploads\/2018\/03\/cropped-20110522_1680-768x430.jpg 768w, https:\/\/agrarflug-kyritz.de\/wp-content\/uploads\/2018\/03\/cropped-20110522_1680-1024x574.jpg 1024w\" sizes=\"(max-width: 1440px) 100vw, 1440px\" \/><\/p>\n<p><img decoding=\"async\" loading=\"lazy\" class=\"alignnone size-full wp-image-714\" src=\"https:\/\/agrarflug-kyritz.de\/wp-content\/uploads\/2018\/03\/cropped-cropped-20110522_1380-6.jpg\" alt=\"\" width=\"2000\" height=\"450\" srcset=\"https:\/\/agrarflug-kyritz.de\/wp-content\/uploads\/2018\/03\/cropped-cropped-20110522_1380-6.jpg 2000w, https:\/\/agrarflug-kyritz.de\/wp-content\/uploads\/2018\/03\/cropped-cropped-20110522_1380-6-300x68.jpg 300w, https:\/\/agrarflug-kyritz.de\/wp-content\/uploads\/2018\/03\/cropped-cropped-20110522_1380-6-1024x230.jpg 1024w, https:\/\/agrarflug-kyritz.de\/wp-content\/uploads\/2018\/03\/cropped-cropped-20110522_1380-6-768x173.jpg 768w, https:\/\/agrarflug-kyritz.de\/wp-content\/uploads\/2018\/03\/cropped-cropped-20110522_1380-6-1536x346.jpg 1536w\" sizes=\"(max-width: 2000px) 100vw, 2000px\" \/><\/p>\n<p style=\"text-align: center;\">Im M\u00e4rz 1911 meldete Oberf\u00f6rster Alfred Zimmermann ein Patent zur Vernichtung von Waldsch\u00e4dlingen &#8222;durch Besprengen der B\u00e4ume von oben, und zwar unter Verwendung eines Luftfahrzeuges&#8220; an. Er legte damit die Grundlagen f\u00fcr den Agrarflug.<\/p>\n<p style=\"text-align: center;\">Unser Verein m\u00f6chte die Ideen von Alfred Zimmermann wahren und ehren, die Arbeit des Museums auf dem Flugplatz Heinrichsfelde und die Aufarbeitung der Historie des ehemaligen Agrarflugplatzes unterst\u00fctzen sowie technische Ger\u00e4te, Publikationen, Film- und Tontr\u00e4ger zum Agrarflug erfassen, aufbewahren und aufbereiten.<\/p>\n<p style=\"text-align: center;\">Der F\u00f6rderverein Agrarflug Kyritz f\u00fchrt B\u00fcrger,\u00a0Betriebe, Institutionen und Vereine mit Interesse an der Geschichte des Agrarflugs.<\/p>\n<p style=\"text-align: center;\">Durch die Aktivit\u00e4ten unseres Vereins soll sich der Verkehrslandeplatz Kyritz-Heinrichsfelde zu einem touristischen Anziehungspunkt in der Region entwickeln.<\/p>\n<p style=\"text-align: center;\">[easy_panorama id=&#8220;322&#8243;]<\/p>\n","protected":false},"excerpt":{"rendered":"<p>Herzlich willkommen beim F\u00f6rderverein Agrarflug Kyritz &nbsp; Im M\u00e4rz 1911 meldete Oberf\u00f6rster Alfred Zimmermann ein Patent zur Vernichtung von Waldsch\u00e4dlingen &#8222;durch Besprengen der B\u00e4ume von oben, und zwar unter Verwendung eines Luftfahrzeuges&#8220; an. Er legte damit die Grundlagen f\u00fcr den Agrarflug. Unser Verein m\u00f6chte die Ideen von Alfred Zimmermann wahren und ehren, die Arbeit des&hellip;<\/p>\n","protected":false},"author":1,"featured_media":0,"parent":0,"menu_order":1,"comment_status":"closed","ping_status":"open","template":"","meta":[],"_links":{"self":[{"href":"https:\/\/agrarflug-kyritz.de\/index.php?rest_route=\/wp\/v2\/pages\/2"}],"collection":[{"href":"https:\/\/agrarflug-kyritz.de\/index.php?rest_route=\/wp\/v2\/pages"}],"about":[{"href":"https:\/\/agrarflug-kyritz.de\/index.php?rest_route=\/wp\/v2\/types\/page"}],"author":[{"embeddable":true,"href":"https:\/\/agrarflug-kyritz.de\/index.php?rest_route=\/wp\/v2\/users\/1"}],"replies":[{"embeddable":true,"href":"https:\/\/agrarflug-kyritz.de\/index.php?rest_route=%2Fwp%2Fv2%2Fcomments&post=2"}],"version-history":[{"count":29,"href":"https:\/\/agrarflug-kyritz.de\/index.php?rest_route=\/wp\/v2\/pages\/2\/revisions"}],"predecessor-version":[{"id":798,"href":"https:\/\/agrarflug-kyritz.de\/index.php?rest_route=\/wp\/v2\/pages\/2\/revisions\/798"}],"wp:attachment":[{"href":"https:\/\/agrarflug-kyritz.de\/index.php?rest_route=%2Fwp%2Fv2%2Fmedia&parent=2"}],"curies":[{"name":"wp","href":"https:\/\/api.w.org\/{rel}","templated":true}]}}

<h3 style="text-align: center;"><strong>Herzlich willkommen beim Förderverein Agrarflug Kyritz</strong></h3>
<p>&nbsp;</p>
<p><img decoding="async" loading="lazy" class="alignnone size-full wp-image-68" src="https://agrarflug-kyritz.de/wp-content/uploads/2018/03/cropped-20110522_1680.jpg" alt="" width="1440" height="807" srcset="https://agrarflug-kyritz.de/wp-content/uploads/2018/03/cropped-20110522_1680.jpg 1440w, https://agrarflug-kyritz.de/wp-content/uploads/2018/03/cropped-20110522_1680-300x168.jpg 300w, https://agrarflug-kyritz.de/wp-content/uploads/2018/03/cropped-20110522_1680-768x430.jpg 768w, https://agrarflug-kyritz.de/wp-content/uploads/2018/03/cropped-20110522_1680-1024x574.jpg 1024w" sizes="(max-width: 1440px) 100vw, 1440px" /></p>
<p><img decoding="async" loading="lazy" class="alignnone size-full wp-image-714" src="https://agrarflug-kyritz.de/wp-content/uploads/2018/03/cropped-cropped-20110522_1380-6.jpg" alt="" width="2000" height="450" srcset="https://agrarflug-kyritz.de/wp-content/uploads/2018/03/cropped-cropped-20110522_1380-6.jpg 2000w, https://agrarflug-kyritz.de/wp-content/uploads/2018/03/cropped-cropped-20110522_1380-6-300x68.jpg 300w, https://agrarflug-kyritz.de/wp-content/uploads/2018/03/cropped-cropped-20110522_1380-6-1024x230.jpg 1024w, https://agrarflug-kyritz.de/wp-content/uploads/2018/03/cropped-cropped-20110522_1380-6-768x173.jpg 768w, https://agrarflug-kyritz.de/wp-content/uploads/2018/03/cropped-cropped-20110522_1380-6-1536x346.jpg 1536w" sizes="(max-width: 2000px) 100vw, 2000px" /></p>
<p style="text-align: center;">Im März 1911 meldete Oberförster Alfred Zimmermann ein Patent zur Vernichtung von Waldschädlingen &#8222;durch Besprengen der Bäume von oben, und zwar unter Verwendung eines Luftfahrzeuges&#8220; an. Er legte damit die Grundlagen für den Agrarflug.</p>
<p style="text-align: center;">Unser Verein möchte die Ideen von Alfred Zimmermann wahren und ehren, die Arbeit des Museums auf dem Flugplatz Heinrichsfelde und die Aufarbeitung der Historie des ehemaligen Agrarflugplatzes unterstützen sowie technische Geräte, Publikationen, Film- und Tonträger zum Agrarflug erfassen, aufbewahren und aufbereiten.</p>
<p style="text-align: center;">Der Förderverein Agrarflug Kyritz führt Bürger, Betriebe, Institutionen und Vereine mit Interesse an der Geschichte des Agrarflugs.</p>
<p style="text-align: center;">Durch die Aktivitäten unseres Vereins soll sich der Verkehrslandeplatz Kyritz-Heinrichsfelde zu einem touristischen Anziehungspunkt in der Region entwickeln.</p>
<p style="text-align: center;">[easy_panorama id=&#8220;322&#8243;]</p>

<p>Herzlich willkommen beim Förderverein Agrarflug Kyritz &nbsp; Im März 1911 meldete Oberförster Alfred Zimmermann ein Patent zur Vernichtung von Waldschädlingen &#8222;durch Besprengen der Bäume von oben, und zwar unter Verwendung eines Luftfahrzeuges&#8220; an. Er legte damit die Grundlagen für den Agrarflug. Unser Verein möchte die Ideen von Alfred Zimmermann wahren und ehren, die Arbeit des&hellip;</p>
